of b.
2, 7, 103
Let s(x) = 15*x + 133. Let a(p) = -4*p - 33. Let k(g) = -9*a(g) - 2*s(g). Let m be k(23). Let q = m - 46. List the prime factors of q.
3, 41
Let m = 99168 - 53951. What are the prime factors of m?
103, 439
Suppose -28*s + 29*s + 133*s - 3844460 = 0. List the prime factors of s.
2, 5, 19, 151
Let p(b) = -15*b - 1. Let q be p(1). Let j = q + 28. Suppose -4*s + 332 + j = 0. List the prime factors of s.
2, 43
Let f be (4 - (-14924)/21)*3. Let k = f + -1489. List the prime factors of k.
5, 131
List the prime factors of ((21 - 23)/((-35)/63))/(3/5260).
2, 3, 263
Let n = 38245 + -25699. What are the prime factors of n?
2, 3, 17, 41
Let o(t) = -t**3 - 16*t**2 - 7*t + 56. Suppose 2*q - q - f = -20, 5*q = 4*f - 97. Let z be o(q). Suppose 54*v = 56*v - z. List the prime factors of v.
2, 29
What are the prime factors of (3/6 - (1099/(-4) + 1))*12?
3, 1097
Let u = -276 - -819. Let y = u - 142. What are the prime factors of y?
401
Let a(v) = 2*v**3 - 19*v**2 + 23*v + 11. Let g be a(8). Let x be 10/3 - (-2)/g - -143. Suppose -152 = -0*y - y + 5*p, 4*p = y - x. List the prime factors of y.
127
Let i be 4 - (6/15 - (-3441)/(-15)). Let q = i - 10. List the prime factors of q.
223
Suppose 55*l - 964874 - 3986466 = -93*l. What are the prime factors of l?
5, 6691
Let s = 270 - 891. List the prime factors of s*4/(-12) + 2*1.
11, 19
Let v = 60380 - -8284. List the prime factors of v.
2, 3, 2861
Let r be (51/(-102))/(1/(-10)). Suppose -3*m + 2*m + 196 = -5*q, -r*q + 688 = 3*m. List the prime factors of m.
13, 17
Let s = -61741 + 86931. Suppose -23*c = -45*c + s. What are the prime factors of c?
5, 229
What are the prime factors of (-15 + (-220)/(-15))*-60138?
2, 3, 13, 257
Suppose 0 = -4*i + 16, 3*i + 0*i = s + 9. Suppose 2*t - 68 = -4*z - t, -58 = -5*z + s*t. What are the prime factors of (z - 11)*80/6?
2, 5
Suppose 3*o + 2589 = -7*r + 6*r, 0 = -4*r - 12. What are the prime factors of (39/6 - 7)*o/1?
431
Let t = 28 - 14. Let a = t - -67. What are the prime factors of (a/6)/(3/18)?
3
Let r be 1032/(-387) - (4/6)/2. List the prime factors of (-3892)/r - (300/18)/(-10).
3, 433
Suppose -8*b + 383 = -777. Suppose 130 = f - b. What are the prime factors of f?
5, 11
Let l be 36*(91/2 - 0). Suppose -7*n + l = -n. List the prime factors of n.
3, 7, 13
Let c(d) = 2*d**2 + 93*d + 449. List the prime factors of c(-55).
2, 173
Suppose -5*h + 5*c = -115, 2*h - c + 31 = 3*h. Suppose 3270 = -h*l + 37*l. What are the prime factors of l?
3, 109
Suppose 463*d = 446*d + 42993. What are the prime factors of d?
3, 281
What are the prime factors of 107233632/5148 - (2/13)/1?
2, 5, 2083
Suppose 4*x - q - 7838 = x, 4*q = 5*x - 13075. List the prime factors of x.
7, 373
Suppose 421599 - 1536804 - 2868645 = -78*v. What are the prime factors of v?
3, 5, 227
Let w = -41176 - -80409. List the prime factors of w.
39233
Suppose -s = -o + 1, s - 25 = -22. Suppose 0 = -t - k + 179, -o*t - 5*k = -0*t - 711. What are the prime factors of t?
2, 23
Let u be (-96)/216 - 6872/9. Let w = u + 1233. List the prime factors of w.
7, 67
Let s be (2/4)/(2/40). Suppose 0 = 5*o - 3*c, 36*o = 37*o - 2*c + 7. Suppose s*k - 234 = -o*k. List the prime factors of k.
2, 3
Let v(o) = -498*o + 1. Suppose -84*u + 89*u = -5. Let d be v(u). Let w = d + -324. What are the prime factors of w?
5, 7
Let k be (20/25)/1 + 15556/(-20). What are the prime factors of 8/(k/(-771) + (1 - 2))?
2, 257
Let m = 186 + -87. Suppose 6 = -5*z - 179. Let j = z + m. List the prime factors of j.
2, 31
What are the prime factors of 2829/(-4)*-13*80/60?
13, 23, 41
Suppose 5*r = 4*n - 11, -r = -12*n + 10*n + 1. Let l be n - -8 - 0/1. Suppose -l*m = -8*m + 9. List the prime factors of m.
3
Let h(i) = -6*i - 2. Let r be h(-1). Suppose -c + 3 + 1 = -4*d, 3*d = -c + r. What are the prime factors of (-1)/c - (-137)/4?
2, 17
List the prime factors of -18*(-14 + 491/(-2)).
3, 173
Let k(i) = 3*i**2 - 11*i + 163. Let m(a) = a**2 + 13*a + 54. Let b be m(-8). What are the prime factors of k(b)?
3, 199
Suppose 2*j = -5*u - 14783, 2*u + j + 5449 = -465. Let t = u + 4537. What are the prime factors of t?
2, 7, 113
Let r(y) = -153*y + 7. Suppose 3*p = 4*c - 21, -4*p - 59 = -0*c + 5*c. Let l be r(p). Suppose -16*k + 1254 + l = 0. What are the prime factors of k?
2, 23
Suppose 63319 = -84*p + 329515. What are the prime factors of p?
3169
Let g be (27/6)/((-10)/(-20)). Suppose 140 = g*o - 4603. List the prime factors of o.
17, 31
Let c = 332 + 460. Suppose 0*g + 8*g - c = 0. What are the prime factors of g?
3, 11
Suppose -3*q + 145 = -683. Suppose -3*o = 5*c - 249 - 27, q = 3*o + 3*c. Suppose y = -4*n + o, -4*y + 3*n + 463 = -0*n. What are the prime factors of y?
2, 7
Let q(k) be the third derivative of k**6/20 - k**5/10 + k**4/12 - 2*k**3/3 + 27*k**2. List the prime factors of q(4).
2, 73
Let n be 2/3*507 + 2. Suppose 0 = -5*y + 10*y + 4*r - 399, -4*y + 2*r + n = 0. What are the prime factors of y?
83
What are the prime factors of (-5179081)/(-290) - (3/75)/(6/(-15))?
3, 5953
Let v = -14 + 302. Let q = -164 + v. What are the prime factors of q?
2, 31
Suppose 2*u = t - 7655, -2*t + 24*u - 19*u = -15305. What are the prime factors of t?
3, 5, 7, 73
Suppose -7*o + 13293 + 3857 = 0. Suppose 6*v + 4*v - o = 0. List the prime factors of v.
5, 7
Suppose 0 = 2*t + 2*p + 10, 4*p + 20 = 6*t - 3*t. Suppose -182*r + 178*r + 4964 = t. List the prime factors of r.
17, 73
Let d be (117/156)/(1/20). Suppose 0 = -2*p + 5*p - 621. Suppose 12*u + p = d*u. What are the prime factors of u?
3, 23
Let s(u) = -31*u + 119. Let m(i) = -28*i + 120. Let h(q) = 5*m(q) - 4*s(q). What are the prime factors of h(-22)?
2, 7, 17
Let f(c) = -2*c**3 - 4*c**2 - 25*c + 3. Let q be f(-5). Suppose 4*w - q = -2. What are the prime factors of w?
3, 23
Let s(k) = -k**3 - 33*k**2 + k + 952. List the prime factors of s(0).
2, 7, 17
Suppose 5*h = -2*h - h. Suppose h = -17*l + 19*l - 810. List the prime factors of l.
3, 5
What are the prime factors of ((-2430)/21)/(12/(-224))?
2, 3, 5
Suppose 4*g - 154339 = -84*w + 79*w, -2*g + 5*w = -77177. List the prime factors of g.
2, 3, 59, 109
Let x(m) = -11*m**3 - 5*m**2 + 22*m + 231. What are the prime factors of x(-16)?
5, 8731
Let h be (-5)/(-1) + (3 - 4). Let r be (7 + -52)/((-3)/h). Suppose -r - 45 = -5*v. List the prime factors of v.
3, 7
Suppose r = -2 + 3. Let f be (r - -12)/((-9)/18). Let m = 80 + f. List the prime factors of m.
2, 3
Let a(k) = -2*k**3 + 3*k**2 - 2*k + 3. Let j be a(2). Let l(h) = -114*h + 18. Let b(t) = 3*t. Let c(y) = -42*b(y) - l(y). List the prime factors of c(j).
2, 3, 7
Suppose -6*t + 2513 = -8047. Suppose -5370 = -10*q + t. List the prime factors of q.
23, 31
Suppose 20*x + 3*x - 162081 = 0. Suppose -d + 10*d = x. List the prime factors of d.
3, 29
Let v(o) = -o**2 - 14*o + 21. Let x be v(-17). Suppose z + 4 = -z. List the prime factors of ((-216)/x)/(z/(-5)).
2, 3
Suppose 5*m = -3*k + 86, k = 3*m - 4*m + 16. What are the prime factors of 1464/60*(m + 1)?
2, 61
Suppose -716 - 116 = -4*h. What are the prime factors of h/52*((-5931)/6)/(-3)?
2, 659
Let n(c) = c**3 + 13*c**2 + 33*c + 38. Let q = -80 + 71. What are the prime factors of n(q)?
5, 13
Let s be (-80)/(-25) - (-1)/(-5). Let m be (-2 - (-9)/6)/(44/(-88)). List the prime factors of (m/s)/((-3)/(-297)).
3, 11
Suppose 2*l + 18*o - 38 = 13*o, -3*l = o - 44. Suppose 0 = u - 1 - 3. Suppose -u*n = -4*k - 92, -5*n + 101 - l = 2*k. List the prime factors of n.
19
Suppose 7*k = 4*k - 240. Let w = k + 275. Suppose -43*y - w = -44*y. List the prime factors of y.
3, 5, 13
Let z = -254 + -290. Let x = z + 994. What are the prime factors of x?
2, 3, 5
Suppose 121*i - 235331 = 28136 + 1263795. List the prime factors of i.
2, 6311
Let u = 178 - 88. Suppose -o = 4*o - 5*w - u, -2*o + 30 = -5*w. Suppose -o*k + 821 = -539. What are the prime factors of k?
2, 17
Suppose -17*v - 4026 = -28*v. Let y = 520 - v. What are the prime factors of y?
2, 7, 11
Suppose 64*k - 18 = 61*k. Suppose k*a = 215 + 529. What are the prime factors of a?
2, 31
Let j(y) = -4*y**3 - 4*y**2 - y + 15. Let w(k) = k**3 + k**2 + k - 1. Let m(l) = j(l) + 2*w(l). Let h be (18/6)/(-1 - 0). List the prime factors of m(h).
2, 23
Let b(c) = 9*c**2 - 4*c - 3. Let v be b(-1). Suppose 9*x - v*x = -74. Suppose -2*n = -4*t